at is 15 + -524553?
-524534
In base 2, what is 1110000010111 - -11000?
1110000101111
In base 7, what is 1006 - 135?
541
In base 3, what is 2000011120 + 1020?
2000012210
In base 9, what is -1 + 7867?
7866
In base 8, what is 1050306 - 5?
1050301
In base 8, what is 661 - -5004?
5665
In base 2, what is -10 + 101111101010100?
101111101010010
In base 13, what is 35 - 1b1?
-179
In base 5, what is 34 + 3240?
3324
In base 7, what is 212 - 15145?
-14633
In base 12, what is 1369 + -3?
1366
In base 8, what is 10 + -3107?
-3077
In base 12, what is -3 - -17923?
17920
In base 7, what is 20 + 146?
166
In base 9, what is 2 - -24580?
24582
In base 9, what is -4 + 156486?
156482
In base 5, what is 22 - -212421?
212443
In base 15, what is -2 + 47e7?
47e5
In base 4, what is 23103131 + -1?
23103130
In base 13, what is 5 + -12c1b?
-12c16
In base 9, what is -75813 + -3?
-75816
In base 10, what is 9217 - 31?
9186
In base 9, what is 88234 - 5?
88228
In base 6, what is 25 - 10050?
-10021
In base 12, what is 9 + 831?
83a
In base 10, what is 2188 - -33?
2221
In base 8, what is 4 - -27707?
27713
In base 4, what is -321 + -12011?
-12332
In base 14, what is 43686 + 3?
43689
In base 7, what is 4 - -154610?
154614
In base 7, what is 1224240 + -1?
1224236
In base 12, what is 488 + 86?
552
In base 12, what is 2 + -27a560?
-27a55a
In base 5, what is 144 - -300323?
301022
In base 7, what is -3631642 + -12?
-3631654
In base 2, what is 11101111 - 100110?
11001001
In base 12, what is 4 - 49a941?
-49a939
In base 9, what is -41263 + -3?
-41266
In base 9, what is -3801453 + 5?
-3801447
In base 12, what is 1167 + -18?
114b
In base 15, what is -ac + -56c3?
-5780
In base 9, what is -14671 - -81?
-14580
In base 12, what is -a700 - a?
-a70a
In base 3, what is 2100202221 - 0?
2100202221
In base 4, what is 1032311003 + 11?
1032311020
In base 4, what is 11311311 + 1?
11311312
In base 16, what is a - -5ba9?
5bb3
In base 7, what is -1160132 - 4?
-1160136
In base 4, what is -23210100 - 31?
-23210131
In base 6, what is 55125 - -5?
55134
In base 15, what is 8 + -459?
-451
In base 9, what is 143408 + 3?
143412
In base 9, what is 485516 + 4?
485521
In base 6, what is -40514 + -22?
-40540
In base 7, what is -1240 - 103?
-1343
In base 2, what is 10101001 + 1000100001100?
1000110110101
In base 2, what is 101010001 - -1001110?
110011111
In base 9, what is 3 + 1316818?
1316822
In base 10, what is -238695 - -4?
-238691
In base 6, what is -115301 - -21?
-115240
In base 15, what is -3c6 + -39?
-410
In base 5, what is -44233 - 12442?
-112230
In base 4, what is -11 + -2331321100?
-2331321111
In base 3, what is -111212022002121 + -11?
-111212022002202
In base 7, what is 13364335 - -1?
13364336
In base 2, what is -1001110 - -100010001110010?
100010000100100
In base 11, what is 506199 - 4?
506195
In base 3, what is -12 + 2111200111210?
2111200111121
In base 14, what is -412 - 4?
-416
In base 9, what is -1 - -156628?
156627
In base 4, what is -2 - 30331320?
-30331322
In base 7, what is -103 - -142?
36
In base 13, what is 5 + 4a4a6?
4a4ab
In base 6, what is -21 - -145112?
145051
In base 13, what is -5 + -8c8b6?
-8c8bb
In base 12, what is 1b + 5a64?
5a83
In base 5, what is 0 - -11213103?
11213103
In base 7, what is 4630 + 65?
5025
In base 7, what is 365526 - -11?
365540
In base 11, what is 45439 - -9?
45447
In base 11, what is -30 + 223?
1a3
In base 4, what is 1 + -11020221?
-11020220
In base 13, what is 38654 - -8?
3865c
In base 12, what is 793 - -2?
795
In base 16, what is 8d3 + -6?
8cd
In base 2, what is 1010010011 + -10010100?
111111111
In base 8, what is -13 + -1444231?
-1444244
In base 13, what is 890 - -34?
8c4
In base 14, what is 1 - 322b9?
-322b8
In base 10, what is 2 - -26936?
26938
In base 16, what is 5 + 309c9?
309ce
In base 2, what is 101 + 101101011000?
101101011101
In base 9, what is -687 + 160?
-527
In base 11, what is 4a3 - 7?
497
In base 11, what is -78472 + 5?
-78468
In base 10, what is -3933 + 17?
-3916
In base 6, what is 423 - 133?
250
In base 11, what is aa34 + -10?
aa24
In base 16, what is -1b8e8f - 5?
-1b8e94
In base 8, what is -26627 - -7?
-26620
In base 4, what is -30 + -223210?
-223300
In base 4, what is -2121211012 - -2?
-2121211010
In base 5, what is 21402 - 44?
21303
In base 13, what is 1050b95 + 2?
1050b97
In base 10, what is -282312 - 1?
-282313
In base 4, what is 11 - 21233302?
-21233231
In base 11, what is -8 + -52744?
-52751
In base 6, what is -10 - -331011?
331001
In base 16, what is 3c92 + 1?
3c93
In base 2, what is 100010011011 + 100001?
100010111100
In base 13, what is c88 - 40?
c48
In base 3, what is 112111021 - -20?
112111111
In base 12, what is 105 - -15a?
263
In base 15, what is -7e63 - -9?
-7e59
In base 6, what is 200554231 + -2?
200554225
In base 6, what is 432050 - -104?
432154
In base 4, what is -100030232000 - -3?
-100030231331
In base 7, what is -2346 - -646?
-1400
In base 7, what is 3165 + 551?
4046
In base 14, what is -a4 - 3718?
-37bc
In base 7, what is 5134 + -20?
5114
In base 3, what is 101 - 202211102?
-202211001
In base 12, what is 2 + -6bb3?
-6bb1
In base 15, what is -24 + -c6ed?
-c722
In base 10, what is -26 - -37930?
37904
In base 15, what is 6b + 1d3?
24e
In base 8, what is -7 - -27065?
27056
In base 16, what is 4 - -1ba8?
1bac
In base 6, what is -4 + -111351?
-111355
In base 3, what is 1020022210 + 1?
1020022211
In base 10, what is -43798 + 5?
-43793
In base 11, what is 2883 + 18?
28a0
In base 12, what is -39b84 + -2?
-39b86
In base 3, what is -20 - 21220202022?
-21220202112
In base 13, what is 1 + -221c?
-221b
In base 14, what is 46bd9 - -1?
46bda
In base 12, what is 41 - -497?
518
In base 3, what is -21122 + 10120001?
10021102
In base 3, what is 222002012121 - 11?
222002012110
In base 10, what is 450 - 69?
381
In base 5, what is 123 + -310304?
-310131
In base 5, what is 1103213 + 0?
1103213
In base 13, what is 8 - -15a20?
15a28
In base 7, what is -16 - 16644?
-16663
In base 6, what is -4 - -215431?
215423
In base 11, what is -18 - 9287a?
-92897
In base 9, what is -522 + 262?
-250
In base 14, what is b2 - 16bc?
-160a
In base 15, what is 5 + -2893?
-288d
In base 14, what is 32267 + -5?
32262
In base 2, what is -1 + 101110100110010011011?
101110100110010011010
In base 3, what is -1 + 22000011021?
22000011020
In base 14, what is 8b7 + 238?
b11
In base 10, what is -6 + 429059?
429053
In base 8, what is 23 + -10745?
-10722
In base 14, what is -2 + 82d?
82b
In base 5, what is -3 - -13303222?
13303214
In base 10, what is -3 - 69495?
-69498
In base 3, what is -12 + -1101012222?
-1101020011
In base 2, what is -1101 + 111111000100?
111110110111
In base 11, what is 158aa11 + -2?
158aa0a
In base 16, what is -1dea - -2?
-1de8
In base 14, what is 41a - -417?
833
In base 7, what is 13 + -42335?
-42322
In base 13, what is 4b - 200bc?
-20071
In base 4, what is 2301012302 + -1?
2301012301
In base 13, what is -91c2 + 0?
-91c2
In base 10, what is 2700 - 199?
2501
In base 16, what is 26d15 - -a?
26d1f
In base 16, what is 1 + -8a391?
-8a390
In base 3, what is 21221212110 - 101?
21221212002
In base 8, what is -2 - 7473716?
-7473720
In base 14, what is 2 - 518b?
-5189
In base 5, what is 10 + -124112130?
-124112120
In base 14, what is 9070 + 9?
9079
In base 12, what is -2 + 24bb8?
24bb6
In base 4, what is -1133301123 - -1?
-1133301122
In base 13, what is -128659 + -4?
-128660
In base 11, what is -116 - 167?
-282
In base 10, what is 214 - 7702?
-7488
In base 6, what is 1104443240 + -4?
1104443232
In base 15, what is -157 - -15?
-142
In base 11, what is 18 + -7122?
-7105
In base 4, what is 10 + -301323?
-301313
In base 10, what is -4378 + -20?
-4398
In base 16, what is -3b - -49f9?
49be
In base 7, what is -140 + -23631?
-24101
In base 7, what is 1022232 - -10?
1022242
In base 13, what is 189 + -1a6?
-1a
In base 15, what is 398 - -46?
3de
In base 11, what is -3 - 3016?
-3019
In base 7, what is -2510014 - 5?
-2510022
In base 13, what is 1674a - -12?
1675c
In base 5, what is 11221130 - 10?
11221120
In base 4, what is -10 - 2310210020?
-2310210030
In base 11, what is -78699 - 8?
-786a6
In base 4, what is 1 + -3011133101?
-3011133100
In base 7, what is 334 - -564?
1231
In base 4, what is -101210233 + -2?
-101210301
In base 2, what is 110110000011110 - 0?
110110000011110
In base 7, w